{"id":210,"date":"2026-02-10T09:05:15","date_gmt":"2026-02-10T12:05:15","guid":{"rendered":"https:\/\/acrilicoemosasco.com\/?page_id=210"},"modified":"2026-02-10T09:05:15","modified_gmt":"2026-02-10T12:05:15","slug":"termos-de-uso","status":"publish","type":"page","link":"https:\/\/acrilicoemosasco.com\/index.php\/termos-de-uso\/","title":{"rendered":"Termos de Uso"},"content":{"rendered":"\n<p>Este site tem car\u00e1ter informativo e comercial, destinado \u00e0 apresenta\u00e7\u00e3o de servi\u00e7os e solicita\u00e7\u00e3o de or\u00e7amentos.<\/p>\n\n\n\n<p>As informa\u00e7\u00f5es exibidas podem ser alteradas sem aviso pr\u00e9vio.<\/p>\n\n\n\n<p>O uso deste site implica concord\u00e2ncia com estes termos.<\/p>\n\n\n\n<p>\u00c9 proibida a reprodu\u00e7\u00e3o de conte\u00fados sem autoriza\u00e7\u00e3o.<\/p>\n","protected":false},"excerpt":{"rendered":"<p>Este site tem car\u00e1ter informativo e comercial, destinado \u00e0 apresenta\u00e7\u00e3o de servi\u00e7os e solicita\u00e7\u00e3o de or\u00e7amentos. As informa\u00e7\u00f5es exibidas podem ser alteradas sem aviso pr\u00e9vio. O uso deste site implica concord\u00e2ncia com estes termos. \u00c9 proibida a reprodu\u00e7\u00e3o de conte\u00fados sem autoriza\u00e7\u00e3o.<\/p>\n","protected":false},"author":1,"featured_media":0,"parent":0,"menu_order":0,"comment_status":"closed","ping_status":"closed","template":"","meta":{"footnotes":""},"class_list":["post-210","page","type-page","status-publish","hentry"],"_links":{"self":[{"href":"https:\/\/acrilicoemosasco.com\/index.php\/wp-json\/wp\/v2\/pages\/210","targetHints":{"allow":["GET"]}}],"collection":[{"href":"https:\/\/acrilicoemosasco.com\/index.php\/wp-json\/wp\/v2\/pages"}],"about":[{"href":"https:\/\/acrilicoemosasco.com\/index.php\/wp-json\/wp\/v2\/types\/page"}],"author":[{"embeddable":true,"href":"https:\/\/acrilicoemosasco.com\/index.php\/wp-json\/wp\/v2\/users\/1"}],"replies":[{"embeddable":true,"href":"https:\/\/acrilicoemosasco.com\/index.php\/wp-json\/wp\/v2\/comments?post=210"}],"version-history":[{"count":1,"href":"https:\/\/acrilicoemosasco.com\/index.php\/wp-json\/wp\/v2\/pages\/210\/revisions"}],"predecessor-version":[{"id":211,"href":"https:\/\/acrilicoemosasco.com\/index.php\/wp-json\/wp\/v2\/pages\/210\/revisions\/211"}],"wp:attachment":[{"href":"https:\/\/acrilicoemosasco.com\/index.php\/wp-json\/wp\/v2\/media?parent=210"}],"curies":[{"name":"wp","href":"https:\/\/api.w.org\/{rel}","templated":true}]}}